er?
False
Is 4198367 a prime number?
False
Is 23669463 a composite number?
True
Is 93651563 a prime number?
True
Is 21154907 prime?
True
Is 11136878 prime?
False
Is 10038299 a prime number?
True
Is 27713033 prime?
False
Is 392423 a composite number?
False
Is 1589386 a prime number?
False
Is 3669571 a composite number?
True
Is 6545999 a prime number?
False
Is 64004651 composite?
False
Is 4143101 prime?
True
Is 2976590047 composite?
False
Is 471041 prime?
True
Is 9456809 prime?
False
Is 317851 a composite number?
True
Is 818509 a prime number?
True
Is 74261293 composite?
True
Is 15168515 prime?
False
Is 621869 a composite number?
False
Is 3083467 a composite number?
False
Is 17266939 a composite number?
False
Is 134581 a prime number?
True
Is 1535791 composite?
False
Is 172879913 a composite number?
False
Is 85795705 a prime number?
False
Is 598612033 composite?
False
Is 808321 composite?
True
Is 5356843 a composite number?
True
Is 1117349 prime?
True
Is 11215889 a composite number?
False
Is 1148611 prime?
False
Is 1929833 a prime number?
False
Is 19167711 a composite number?
True
Is 155763143 a prime number?
True
Is 21501131 a composite number?
False
Is 43778507 prime?
False
Is 1489153 prime?
True
Is 1331443 prime?
True
Is 2540821 prime?
True
Is 2432747 a prime number?
False
Is 18652831 a composite number?
True
Is 151726517 composite?
True
Is 434940353 prime?
True
Is 6183403 a prime number?
False
Is 605687 composite?
False
Is 24307 a composite number?
True
Is 18511223 a prime number?
True
Is 1281529 a composite number?
True
Is 176287009 prime?
True
Is 4222949 a composite number?
False
Is 3928135 prime?
False
Is 13498739 a composite number?
False
Is 10131239 a composite number?
True
Is 30985343 prime?
True
Is 6359423 a composite number?
True
Is 234783337 composite?
False
Is 111147879 prime?
False
Is 13408321 prime?
False
Is 342530083 a prime number?
False
Is 44663263 a prime number?
False
Is 74944003 composite?
False
Is 119365 a prime number?
False
Is 51855863 a composite number?
False
Is 87686689 a prime number?
True
Is 2830357 composite?
True
Is 18158317 a composite number?
False
Is 7313707 prime?
True
Is 139528619 a prime number?
True
Is 6329023 a prime number?
True
Is 58451129 a prime number?
False
Is 327553 composite?
False
Is 22521797 a composite number?
True
Is 160213787 prime?
True
Is 713021 a composite number?
False
Is 15411857 a composite number?
False
Is 1281751 a composite number?
False
Is 23611031 composite?
False
Is 4300409 a prime number?
False
Is 32508193 a composite number?
False
Is 36257189 a composite number?
True
Is 4354661 a prime number?
True
Is 1566449 composite?
False
Is 1380602539 prime?
True
Is 13753861 a composite number?
True
Is 77110067 a composite number?
True
Is 29028581 a composite number?
False
Is 9179623 composite?
True
Is 199346779 a composite number?
False
Is 15767149 a composite number?
False
Is 798877 prime?
False
Is 13995251 a composite number?
False
Is 907679 a composite number?
True
Is 18558007 a prime number?
False
Is 7520303 composite?
True
Is 23707709 prime?
True
Is 1788167 a prime number?
False
Is 76553 prime?
False
Is 10213207 a prime number?
True
Is 100096721 a composite number?
True
Is 21689959 prime?
True
Is 20311547 composite?
False
Is 3666941 a composite number?
True
Is 130292003 a prime number?
True
Is 30580651 a composite number?
True
Is 51253 composite?
True
Is 27131782 composite?
True
Is 163794997 prime?
True
Is 30857507 composite?
True
Is 1936381 composite?
False
Is 852249721 a prime number?
True
Is 7294543 composite?
False
Is 624160679 prime?
False
Is 8395763 a prime number?
False
Is 5020441 a composite number?
False
Is 37027973 prime?
False
Is 5976511 a composite number?
True
Is 144693253 a prime number?
False
Is 3558743 prime?
False
Is 161654501 a prime number?
False
Is 51179611 a prime number?
False
Is 463973 a prime number?
True
Is 35685511 prime?
True
Is 6365999 prime?
False
Is 48641869 a composite number?
False
Is 35741231 a prime number?
True
Is 251551981 prime?
True
Is 15102337 a composite number?
True
Is 128627 a composite number?
True
Is 301361 composite?
False
Is 66852553 composite?
False
Is 2790563 a prime number?
True
Is 550061 a prime number?
True
Is 268487 a prime number?
True
Is 564212273 composite?
False
Is 22998039 a prime number?
False
Is 60538501 a prime number?
True
Is 2705993 a prime number?
True
Is 438551 a composite number?
False
Is 3259771 a composite number?
False
Is 10313363 prime?
True
Is 645289 prime?
False
Is 16993882 a composite number?
True
Is 72368909 a prime number?
True
Is 175887409 composite?
False
Is 12043309 prime?
False
Is 1539547 a prime number?
True
Is 1842629 prime?
False
Is 3874567 a prime number?
False
Is 10097669 prime?
True
Is 5715239 composite?
False
Is 2243741 a prime number?
True
Is 3172123 composite?
False
Is 1957841 a composite number?
True
Is 8255399 prime?
True
Is 1720897 a prime number?
True
Is 20735173 a composite number?
False
Is 1919881 prime?
True
Is 4546721 composite?
False
Is 74523269 a composite number?
False
Is 157150657 composite?
True
Is 1221827 composite?
True
Is 19626029 prime?
True
Is 140649207 a prime number?
False
Is 99777683 a composite number?
True
Is 5147165 prime?
False
Is 19824005 a prime number?
False
Is 13881787 a prime number?
True
Is 245100565 a prime number?
False
Is 97951817 prime?
False
Is 6121355 a composite number?
True
Is 111793519 prime?
True
Is 118656683 composite?
True
Is 135030563 prime?
True
Is 1350367 a composite number?
False
Is 303739529 prime?
False
Is 873779 a prime number?
False
Is 6992257 a prime number?
True
Is 28767911 prime?
True
Is 93541627 a prime number?
False
Is 333469657 a composite number?
False
Is 241699 prime?
False
Is 12507083 composite?
True
Is 127870909 composite?
False
Is 23885417 composite?
False
Is 1221367 prime?
False
Is 332207 a prime number?
True
Is 7898029 prime?
True
Is 4973989 prime?
True
Is 5384801 a composite number?
True
Is 2257901 composite?
True
Is 2198093 a composite number?
False
Is 128817935 composite?
True
Is 453535799 prime?
True
Is 2548459 composite?
False
Is 42833039 composite?
False
Is 2010579 a composite number?
True
Is 100017677 composite?
False
Is 3126653 a composite number?
False
Is 606097 composite?
True
Is 431131 a prime number?
False
Is 2021489 prime?
True
Is 2556041 a prime number?
True
Is 13980391 a prime number?
True
Is 4453199 a prime number?
False
Is 32775739 prime?
False
Is 1836566419 a composite number?
False
Is 29633029 composite?
False
Is 7901813 prime?
False
Is 2108409 composite?
True
Is 70457313 prime?
False
Is 10058099 a composite number?
True
Is 1801487 a prime number?
False
Is 176446841 composite?
False
Is 75605521 prime?
True
Is 8154199 prime?
True
Is 121444781 a prime number?
False
Is 8047031 composite?
False
Is 665815889 composite?
True
Is 2624359 prime?
False
Is 15199603 prime?
True
Is 2091913 a prime number?
True
Is 9971927 a prime number?
False
Is 15349177 a prime number?
True
Is 4046543 composite?
False
Is 41483359 composite?
False
Is 8255281 a composite number?
True
Is 2323147 composite?
True
Is 519323 a composite number?
True
Is 1187411 composite?
False
Is 112019 a prime number?
True
Is 5737703 prime?
True
Is 2179381 composite?
True
Is 19892883 a prime number?
False
Is 23297401 composite?
True
Is 827633 prime?
True
Is 19459937 a composite number?
True
Is 194951395 a prime number?
False
Is 6547 prime?
True
Is 16564573 composite?
False
Is 682141 a prime number?
True
Is 12979877 a prime number?
True
Is 103053953 composite?
False
Is 155315 a prime number?
False
Is 78747653 a prime number?
False
Is 202010021 composite?
False
Is 11776883 composite?
True
Is 9113231 a prime number?
False
Is 45532811 prime?
True
Is 6639617 composite?
True
Is 389357 a composite number?
False
Is 325805047 prime?
True
Is 92227209 composite?
True
Is 4699931 a prime number?
True
Is 5622173 prime?
False
Is 1199279 a composite number?
True
Is 978614063 prime?
False
Is 290737 prime?
True
Is 788257 a composite number?
True
Is 57014693 a prime number?
True
Is 3812719 prime?
True
Is 2804713 a prime number?
False
Is 139202629 composite?
False
Is 2016397 composite?
False
Is 17453593 prime?
False
Is 1538060109 a composite number?
True
Is 18644789 composite?
True
Is